 i?
7
Suppose -43*o + 48*o = 3*p - 472, -5*o = 3*p - 482. What are the prime factors of p?
3, 53
Let x(s) = 5*s**2 + 6. Let g be x(-3). What are the prime factors of (-3)/(-1 + g/54)?
2, 3
Suppose 2*i = 123 - 33. Let l = i + -10. Let u = l - 20. List the prime factors of u.
3, 5
Let u = -18 + -10. Let t(p) = -p - 1491. Let n be t(0). What are the prime factors of n/u - 6/(-8)?
2, 3
Let m(l) = l**3 - 5*l**2 - 6*l. Let u be m(6). Suppose -5*p + 542 = -u*p - 2*f, 2*p - 218 = 2*f. What are the prime factors of p?
2, 3
Let d(l) = l**2 + 11*l - 9. Let k be d(-12). Suppose -k*v = 2*g + 55 - 181, 179 = 3*g + 2*v. What are the prime factors of g?
3, 19
Let l = 114 + -80. What are the prime factors of l/8 - (-30)/40?
5
Let f(i) = -i**3 + 5*i**2 - 2*i - 23. Let v be f(5). Let p = 91 + v. What are the prime factors of p?
2, 29
Suppose -4*r + 5*u = -56 - 1, -2 = r + 2*u. Suppose 6*c - 239 = 3*c - w, 4*w - r = 0. What are the prime factors of c?
79
Suppose 0 = 4*a - 6*a + 14. Let b(q) = -q**2 + 14*q - 7. Let x be b(14). What are the prime factors of 1 + 2 + a + x?
3
Suppose 3*u = 2*q - 25, 3*q + 5*u + 9 = -1. Suppose 2*d - 1125 = -5*h, -94 = -h - q*d + 131. What are the prime factors of h?
3, 5
What are the prime factors of 17/((-170)/(-13120)) - -1?
13, 101
Let s(i) = -i**2 - 7*i - 8. Let r be s(-5). What are the prime factors of 201/r*60/45?
2, 67
Let i(p) be the second derivative of 4*p + 13/2*p**2 - 1/12*p**4 + 0 - 1/3*p**3. List the prime factors of i(-4).
5
Suppose 129*m + 40900 = 139*m. What are the prime factors of m?
2, 5, 409
Suppose 0 = -5*i + 10 - 0. Suppose 4*n + 0*n = i*p - 22, -34 = -4*p + 3*n. Suppose 0 = -4*d + 67 - p. List the prime factors of d.
3, 5
Let z = 258 - 142. Let k = z - 98. List the prime factors of k.
2, 3
Let g(s) = -16*s - 217. What are the prime factors of g(-35)?
7
Let o be (-12)/(1 + 3) + 3 + 4. Let b = o - -98. List the prime factors of b.
2, 3, 17
Let c = 21 + 129. List the prime factors of c.
2, 3, 5
Suppose 0 = -r - 3, o + 24*r - 27*r = 952. What are the prime factors of o?
23, 41
Suppose 5*w - 24 = -x + 5*x, 11 = 4*w + 5*x. Suppose 3*m + 2*k = -2*k + 95, -126 = -w*m - 5*k. List the prime factors of m.
29
Let x = 109 + -107. What are the prime factors of ((-1750)/5)/((-2 - x) + 2)?
5, 7
Suppose 0 = 11*q - 12*q + 9. Suppose 39 = -3*s + q. Let o = s - -14. What are the prime factors of o?
2
Suppose -320*w + 328*w - 5000 = 0. List the prime factors of w.
5
Suppose -7*w + 690 = 3*w. Let x = w + -29. List the prime factors of x.
2, 5
Let b(a) = -a - 1. Let w be b(-3). Let n(r) = -r**2 - 7*r - 2. Let l be n(-6). Suppose u + l*z - 28 = 0, w*u + 5*z - 44 = z. What are the prime factors of u?
2
Let c(m) = 21*m + 9. List the prime factors of c(11).
2, 3, 5
Suppose 5*t - 3 = 7. Suppose 4*c = 2*m + 3*m + 55, t*c + 85 = -5*m. Let q = m - -49. What are the prime factors of q?
2, 17
Suppose 18*s - 7920 = -0*s. List the prime factors of s.
2, 5, 11
Suppose -7*j = -4*j + 9. Let a be ((-5)/(-3) - 2)*j. Let s(v) = 74*v**2 - v + 2. What are the prime factors of s(a)?
3, 5
Let c(b) = b**3 + 51*b**2 + 93*b - 34. What are the prime factors of c(-48)?
2, 17, 71
Suppose 0 = 113*f - 120*f + 476. What are the prime factors of f?
2, 17
Let t = -5 + -51. Let q = -22 - 57. Let g = t - q. What are the prime factors of g?
23
Let x(a) be the second derivative of -a**5/20 - a**4/4 + a**3/6 + 3*a**2 - 7*a. Let o be x(-6). Suppose k + o = 4*k. List the prime factors of k.
2, 3
Let b = -8 + 12. Suppose b*m = -8, 0 = c + 4*c + 5*m. Suppose 0 = -c*u + 3*u - 10. What are the prime factors of u?
2, 5
Let f be (-5)/(-2) + 2/(-4). Suppose -2*s = 6, -f - 7 = 3*c - 2*s. What are the prime factors of (4 + c)/(1/(-5))?
5
Suppose -3*k + 13 + 11 = 0. Let f(a) = -a**3 + 8*a**2 + a + 3. Let w be f(k). Suppose 0 = v - w + 4. What are the prime factors of v?
7
What are the prime factors of (-94)/329 - 45434/(-14)?
5, 11, 59
Let f(p) = -p**3 - 10*p**2 + 7*p + 18. Suppose -3*a + z - 30 = -0*z, -z = 3. List the prime factors of f(a).
2, 31
Let l(m) = -66*m - 553. List the prime factors of l(-10).
107
Let b(c) = c**3 - 12*c**2 - 10*c - 31. Let w be b(13). What are the prime factors of 10/((18/w)/9)?
2, 5
Let f = -163 + 776. List the prime factors of f.
613
List the prime factors of (-8 - -15)/(-7)*(-755 + -2).
757
Let m(s) = 3*s**2 - 3 + 7 - 98*s + 93*s. Let z be ((-12)/(-10))/(3/10). What are the prime factors of m(z)?
2
Let v be 1 + 2*1/(-2). Suppose -l - 3*z - 38 = v, -4*l - 45 - 55 = -z. List the prime factors of 3/((-6)/l) + -2.
11
Suppose -y + 20 = 8. Suppose -5*m + y - 2 = 0. List the prime factors of (m/(-2))/((-2)/34).
17
Suppose 0*d + 6 = -6*d. Let l be d + (-4)/(2 + -3). List the prime factors of (320/(-30))/((-1)/l).
2
Suppose -229 = 10*k - 3079. What are the prime factors of k?
3, 5, 19
Suppose 4*o - 12 = -k + 50, -3*o - 4*k = -53. Let i = o - 9. List the prime factors of 10/15 - (-122)/i.
3, 7
Let o(k) = 5*k**2 + 8*k - 5. List the prime factors of o(4).
107
Suppose 0 = 4*f - 236 - 200. Suppose -2*o = -4*w + 274, -4*w + 5*o + f + 150 = 0. What are the prime factors of w?
71
Suppose -13*p + 5*o = -14*p + 344, 2*p - 4*o - 660 = 0. List the prime factors of p.
2, 167
Suppose 8 + 2 = -4*q - 2*l, q + 4 = -l. List the prime factors of (-22 - 14)/(2*q).
2, 3
Suppose 3*l + 2*v - 2999 = -0*l, 4*v = 5*l - 5035. List the prime factors of l.
17, 59
Let v(y) = 2*y + 480. What are the prime factors of v(29)?
2, 269
What are the prime factors of (-416)/(-8) + -2 + 7 - 1?
2, 7
Suppose -19 = -4*l - 3. Suppose 3*w - l - 20 = 0. List the prime factors of 220/w + 3/6.
2, 7
List the prime factors of (3860/(-80))/((3/20)/(-3)).
5, 193
Let p(c) = -14*c**2 - 15*c - 20. Let g(k) = -9*k**2 - 10*k - 13. Let l(b) = -8*g(b) + 5*p(b). What are the prime factors of l(4)?
2, 7
Let q = 7336 - 4278. List the prime factors of q.
2, 11, 139
Suppose -5*u + 4*u + 38 = 0. Let p be 2 + -2 + -1 + u. Suppose -11 - p = -3*w. What are the prime factors of w?
2
Let w be 2375/10 - ((-2)/(-4))/1. Let a = w - 119. List the prime factors of a.
2, 59
Let s = -16 - -20. Suppose 3*l + s = 1, 111 = c - 3*l. What are the prime factors of c?
2, 3
Let g be 96/(-5) + (-5)/(-25). Let w = 16 - g. List the prime factors of w.
5, 7
Let v(a) = 11*a + 1. Let x be (-22)/4*28/(-14). Suppose 0*c - 5*c = -2*w + 31, 3*w + 4*c = -x. What are the prime factors of v(w)?
2, 17
What are the prime factors of (0 + 16/(-40))/((-4)/16060)?
2, 11, 73
Let k(x) = -116*x - 88. List the prime factors of k(-11).
2, 3, 11
Let c = 46 - -1. Let i = -14 + c. What are the prime factors of i?
3, 11
Let t(l) = 269*l + 1. Let a be t(1). Let c = -276 - -278. Suppose 4*b - a = -c*b. What are the prime factors of b?
3, 5
Suppose -1122 = -312*x + 306*x. What are the prime factors of x?
11, 17
Let r(v) = -212*v + 154. What are the prime factors of r(-12)?
2, 19, 71
Let d be 2/8 + (-7)/(-4). Let v be d/3 + (-352)/24. Let w = v - -33. List the prime factors of w.
19
Let q be ((-6)/4)/(3/18). Let s = 14 + q. Suppose -s*k - 120 = -405. List the prime factors of k.
3, 19
List the prime factors of (-1649)/(-153) + -11 + (-28163)/(-9).
3, 7, 149
Suppose -3*n - 5*x + 7 = 0, -n = 4*n - 2*x + 9. Let y be (n + 14/(-4))*-14. Suppose -f - 4*v - 3 = v, 4*f + 5*v = y. List the prime factors of f.
2, 11
Let w(u) = -u**3 + 18*u**2 - 17*u - 5. Let x be w(17). Let z = x + 27. What are the prime factors of z?
2, 11
Let u = 75 + -415. List the prime factors of 2/(-8) - u/16.
3, 7
List the prime factors of 1*-5 - (9 - 284).
2, 3, 5
List the prime factors of (-5)/1*(-14 - 86).
2, 5
Let q(t) = -t + 58. Let v be q(0). Let s = v - 37. List the prime factors of s.
3, 7
List the prime factors of (-13 - -6 - -5) + 44 + 1.
43
Let y = -44 - -43. List the prime factors of (-2)/2*(-1)/(y/(-71)).
71
Suppose -2*x - 2*n = 0, -5*x + 2*n + 22 - 1 = 0. Suppose -x*i + 43 + 89 = 0. What are the prime factors of i?
2, 11
Let h(z) = z**3 + 10*z**2 - 4*z - 8. Suppose -3*m - 15 = 15. Let x be h(m). Let q = 71 - x. List the prime factors of q.
3, 13
Let t(v) be the second derivative of v**3/2 - 2*v**2 + 3*v. Let s be t(2). Suppose -s*n + 7*n + w - 229 = 0, 74 = 2*n - 4*w. What are the prime factors of n?
3, 5
Let p = 3357 - 2327. List the prime factors of p.
2, 5, 103
Let s(g) = -4*g - 8*g**3 + 